 = g*j - 11 - 5. Calculate the highest common factor of j and 16.
8
Let d(r) = 4*r + 28. Let h be d(-5). Suppose -4*c - 2*u + 32 = 0, 5*c + 3 - 43 = 3*u. Calculate the greatest common factor of h and c.
8
Suppose 117 = 7*g - 9. What is the greatest common factor of 180 and g?
18
Let l be (-24)/(-10)*(5 + 0). Let y = 102 - -8. Suppose -2*a = 4*p - 208, a - y = 4*p - 30. What is the greatest common divisor of a and l?
12
Suppose -2*q + 3*q + 38 = 3*i, -2 = q. Let a = -50 - -86. What is the greatest common factor of a and i?
12
Let o be -1 - (2 - 0 - 6). Suppose -57 = -o*s - 12. Calculate the highest common divisor of s and 105.
15
Suppose -2*x = x. Suppose -4*w = -4*t - 8, x = -0*w + 3*w - t. Let v be w - (-2 + (-153)/3). Calculate the greatest common factor of v and 13.
13
Let p(t) = -t**2 + t + 6. Let n be p(12). Let w = 631 - 451. Let r = w + n. What is the highest common factor of r and 6?
6
Suppose 5*l = 4*l + 26. Suppose -m + 15 = 2*m. Suppose 2*o = -4*c + 164, -m*c + 27 = -o - 164. Calculate the greatest common divisor of l and c.
13
Suppose a + 0*a = -2*z + 6, 12 = 4*z. Suppose -k - 4*k + 180 = a. What is the greatest common factor of 12 and k?
12
Let w(x) = x**3 + 3*x**2 - 2*x + 2. Let r be w(-3). Let v be 44/(3 - 20/r). Let l = 16 - 8. What is the greatest common factor of l and v?
8
Suppose 4*d = 20, -2*d + 6*d - 14 = s. Suppose 5*f = 2*t - 43, 5*f - 102 = -4*t + t. Let n = 44 - t. Calculate the greatest common factor of n and s.
3
Suppose t = -5*y + 218 - 62, -3*t - 12 = 0. Let v = 0 - 2. Let n be v/5 + 42/5. What is the highest common factor of n and y?
8
Let j = -51 - -100. Calculate the greatest common factor of 7 and j.
7
Let k be (36/8)/(2/28). Suppose 5*d = 4*d + 3. Suppose 0 = u - 2*s - d, 0 = -5*u - 2*s + 57 - 18. What is the greatest common divisor of u and k?
7
Let w = 13 + -8. Suppose w*k - 3*k = 28. Let a(c) = -25*c + 4. Let o be a(-6). Calculate the greatest common factor of o and k.
14
Let u(n) = -n**3 + 6*n**2 + 3*n - 5. Let v be u(5). Let k(a) = -a**3 + 4*a**2 + 5*a - 6. Let z be k(4). Calculate the highest common divisor of v and z.
7
Suppose -4*c = 3*f - 5, -22 = 2*c - 5*f - 5. Let z be -2 + 1 + c + 14. Suppose t = z + 3. What is the greatest common factor of 5 and t?
5
Let x(c) = 5*c - 3. Let k be x(3). Suppose 2*b - 6*n - 52 = -2*n, 4*b + 5*n - 169 = 0. Calculate the greatest common factor of b and k.
12
Suppose 0 = 4*y + y - 3*q - 219, -q + 165 = 4*y. Let s = 56 + -28. What is the greatest common divisor of y and s?
14
Let h = 37 + -13. Suppose x = -x + h. Let c be (-7)/(1*(-3)/x). Calculate the greatest common factor of 14 and c.
14
Let u be (8/5)/(1/80). What is the greatest common divisor of 16 and u?
16
Suppose -r - 227 = -5*b, -3*b - 5*r + 58 = -67. What is the greatest common divisor of b and 225?
45
Let s = 23 + 49. Suppose 13*y + 148 = 9*y. Let k = s + y. What is the greatest common divisor of k and 7?
7
Suppose 0 = -2*t + 5*l - 21, -l = t + 4*t - 15. Let d be t/(-6) + 228/9. Let q = 9 + -4. Calculate the greatest common divisor of q and d.
5
Let x(d) be the first derivative of -d**3/3 + 3*d**2 + 5*d + 2. Let q be x(5). Suppose -3*k + 400 = 2*k. What is the highest common factor of q and k?
10
Let c be (-744)/(-6) - 3/1. Calculate the greatest common factor of c and 11.
11
Let g = 30 - 15. Suppose 5*h + 13 = 2*m, -2*h = -5*h - g. Let a be (5/3)/(m/(-342)). Calculate the highest common factor of a and 19.
19
Let d(g) = -2*g + 3. Let s be d(-3). Let k(u) = -u**3 - 6*u**2 + 7*u + 9. Let i be k(-8). Calculate the greatest common divisor of i and s.
9
Let x be 1*3/(-3)*-3. Suppose t = -0*t - x. Let p be (-2)/t*(59 - -1). Calculate the highest common factor of p and 5.
5
Let s = -14 - -24. Calculate the greatest common factor of s and 70.
10
Suppose -5*b + 24 = -1. Suppose -b*g + 2*m + 4 = 5*m, -4*m - 12 = -2*g. Suppose -5*x + g*x + 33 = 0. What is the greatest common divisor of 22 and x?
11
Let v(a) = a**3 - 8*a**2 + 10*a - 9. Let x be v(7). What is the greatest common factor of x and 96?
12
Suppose -180 = -3*o + o. What is the highest common factor of 10 and o?
10
Suppose 0 = f + 2*k - 12, 2*k + 25 + 35 = 3*f. Calculate the greatest common factor of 6 and f.
6
Let w = 38 + -23. Suppose 0 = -2*z - 3*j - 67, 4*z - 5*j + 143 = -2*j. Let c be (-11 + 1)*21/z. Calculate the highest common factor of w and c.
3
Suppose 10 = 3*j + w, 0*j - 5*w + 28 = 4*j. Suppose 0*b = j*b + 4. Let u be b/(-14) + 152/14. What is the highest common factor of 11 and u?
11
Let z be 24/5 - (-2)/10. Suppose 0 = -z*n + 5*m - 0*m - 15, 5*m = -n + 15. Suppose d - 10 - 2 = n. What is the highest common divisor of 108 and d?
12
Let r(t) = 76*t**2 - 3*t - 2. Let j be r(-1). Calculate the greatest common divisor of 11 and j.
11
Let m = -24 + 30. Suppose -7*j + 2*j + 75 = 0. Calculate the greatest common divisor of m and j.
3
Let l be 27/(-18)*(-32)/6. Let w = 45 - 33. What is the greatest common divisor of l and w?
4
Let k be (4/(-6))/((-10)/390). Calculate the highest common divisor of k and 65.
13
Let v(y) = -y**3 + 3*y**2 + 2. Let a be v(3). Suppose 4*z - 43 = 5*w + 37, a*z - 40 = -2*w. What is the greatest common divisor of 5 and z?
5
Let m be 23/2*(-1 - 1). Let d = -16 - m. Suppose -5*h - 3*k + 397 = 0, -4*k - k - 134 = -2*h. Calculate the greatest common divisor of d and h.
7
Let q = -128 + 227. Calculate the greatest common divisor of 9 and q.
9
Let x = 0 + 3. Suppose 0 = x*f - 18 - 18. What is the greatest common divisor of 84 and f?
12
Let b be ((-6)/(-4))/3 + (-417)/(-6). What is the greatest common divisor of 20 and b?
10
Suppose -2*j - 5*i = -151, -j - 2*i - 2*i + 83 = 0. What is the greatest common divisor of 105 and j?
21
Let s(k) = k**2. Let i be s(-2). Suppose 4*b + 5*f - 175 = 0, -3*f - 68 = -2*b + f. What is the greatest common divisor of b and i?
4
Suppose -2*j + 11*j - 1287 = 0. Calculate the highest common divisor of j and 11.
11
Let p(u) = -2*u + 4. Let g be p(-4). Suppose -5*f + 2*j + 103 = -73, f + 5*j - 46 = 0. Calculate the greatest common divisor of f and g.
12
Let l(a) = a**2 + 10. Let n be l(0). Calculate the highest common divisor of n and 25.
5
Suppose -46 = 3*o + 20. Let s be 171/33 - (-4)/o. Calculate the greatest common factor of 40 and s.
5
Let d = 51 - -15. What is the highest common factor of d and 6?
6
Let h(x) = -2*x - 2. Let r be h(-2). Let f be (8/14)/((-30)/(-105)) - -14. Suppose 2*k - f = -r*k. What is the greatest common factor of k and 28?
4
Let m = 32 - 17. What is the greatest common divisor of 105 and m?
15
Let x be 0 - 6/(1 - 3). Suppose o - 72 = -2*o. What is the highest common divisor of o and x?
3
Let d be 0*2/(-4) + 6. Suppose 6 = 3*x - 9. Let k = x + d. Calculate the greatest common factor of k and 88.
11
Let o(l) = l. Let k be o(1). Let s = k - -1. Suppose 0*i + s*i + 13 = 5*m, -5*i = -5. Calculate the highest common factor of m and 3.
3
Let v = -13 - -13. Suppose -3*a + v*a = -486. What is the highest common divisor of a and 18?
18
Let c = 16 - 5. Suppose 2*u + 24 - 178 = 0. Calculate the greatest common factor of c and u.
11
Let o(k) = k + 11. Let f be o(-9). Let n be 6*f/5*5. What is the greatest common factor of 12 and n?
12
Let f be (-5 - -2)*(-1 - 0). Suppose -3*i - o + 41 = 0, 4*o + 0 = 4*i - 28. What is the highest common divisor of i and f?
3
Let r(x) = x**3 - 5*x**2 - 5*x - 1. Let y be r(6). Calculate the highest common factor of y and 35.
5
Suppose -b - 2*j = -5*b - 2, -4 = 4*b - 4*j. Suppose 5*t - 17 = -5*f + 18, 2*t - 4*f - 26 = b. What is the greatest common divisor of 63 and t?
9
Suppose -s = -8 + 1. Calculate the highest common factor of 63 and s.
7
Let l = 10 + 0. What is the greatest common divisor of l and 10?
10
Let l be 4/(-4)*(2 + -3). What is the greatest common divisor of l and 11?
1
Let a(n) be the third derivative of 19*n**5/60 + n**4/12 - n**3/6 - n**2. Let y be a(1). What is the greatest common divisor of 50 and y?
10
Suppose -2*x = x - 84. Suppose 0 = -4*b + x + 4. Let y = -56 + 96. What is the greatest common divisor of b and y?
8
Suppose 2*n = 5*v - 62, -3*v - 9 = 5*n - 71. What is the highest common divisor of v and 35?
7
Let v be 10/15 - 7/(-3). Let h(d) = 13*d**2 + d - 3. Let t be h(v). Let q = t + -57. What is the greatest common factor of 24 and q?
12
